. Let n(t) = -d*t - 4*t + 12 + 8 - 17*t. Is n(-9) a prime number?
True
Let f(n) = -7*n**3 + 2*n**2 - 38*n + 373. Is f(-30) prime?
False
Let c = -536 + 534. Is (2171/(-26))/(c*(-4)/(-80)) a composite number?
True
Suppose 2*i - f = 3*i + 35, -2*i - 3*f - 67 = 0. Let q = i + 41. Suppose 14 = 5*z - q*z. Is z a composite number?
False
Let k(y) = 217*y**2 + 13*y - 18. Let h be k(-5). Is -11*(h/(-6))/(46/138) prime?
False
Suppose 10 = 5*u, -2*n - 3*n + 12 = u. Is 687 + 10/n + -3 a composite number?
True
Let c be (672/140)/((-4)/(-10)). Is (4144/c + 1)*3 prime?
True
Suppose v = u + 76941, -u = -2*v + 105659 + 48225. Is v a prime number?
True
Is (-9)/((-36)/29744) + (-3 - 0/(-2)) a composite number?
False
Suppose 3*j = -16*a + 12*a - 2146, 0 = j + 5*a + 697. Suppose 5*n - 221 = w, 3*n = 3*w - 5*w - 468. Let t = w - j. Is t composite?
False
Let c(u) = 40*u - 5. Let p be c(13). Suppose -2*w - p = 1655. Let q = w - -2992. Is q a composite number?
False
Let u be (0 + 59)/(42/462). Is u*(-2 - -1)*(-4 + 3) composite?
True
Let f(a) = 244*a**2 - 11*a + 26. Let p be f(4). Suppose r - p = -2*h, -6*r = -5*h - 9*r + 9715. Is h a composite number?
True
Let v be (267/(-6))/(5/(-7850)) + 3. Is v*(24/(-32) - -1) a composite number?
False
Let v be 410800/(-18) - (-6)/27. Let d = v - -38613. Is d a composite number?
False
Suppose -2*z = -5*z + 9. Suppose 2 = z*g - 4. Suppose -3*t + 4727 = 2*q, 0 = -2*t - g*t + 2*q + 6326. Is t a prime number?
True
Suppose -5*q + 1 + 14 = -3*k, -5 = 4*q + k. Suppose 4*s + 24*n - 1156 = 22*n, 4*n + 16 = q. Is s a composite number?
True
Let c(d) = -3*d**2 - 26*d - 8. Let s be c(-8). Suppose s*t - 244 - 180 = 0. Is t composite?
False
Let b(u) = 4*u**3 - 15*u**2 - 5*u + 9. Let h be b(9). Let t = -2346 + h. Let d = t + 1940. Is d a composite number?
False
Let l(k) = k**2 + 15*k + 7. Suppose u - 6*u + 5 = 0. Let r be u/2*(-96)/(-6). Is l(r) prime?
True
Let u be 9 + 24/(-9) + 1/(-3). Suppose 0 = -4*f + u*f. Is 4/(8/138) - (f + 4) a prime number?
False
Let l(s) = s**2 + 32*s + 58. Let t be 4 + -13 - (0 - 34). Is l(t) prime?
True
Let h(f) = 28*f**2 - 2*f + 10. Let w be h(5). Suppose -2*u = -u + 3*j + 153, 5*u = -2*j - w. Let x = -73 - u. Is x a composite number?
True
Suppose -15*i + 38*i - 13938 = 0. Suppose 922 = n - 621. Let o = n - i. Is o composite?
False
Suppose 43*i - 44*i = -11865. Suppose -15*d + 16*d = -4*w + 2354, -5*d + i = w. Is d prime?
False
Let d(t) = -11*t**3 + t**2 + 4*t - 3. Let i(k) = k**2 - 10*k - 126. Let m be i(17). Is d(m) a composite number?
True
Suppose -6*p - 255 = -p. Let l = -57 - p. Is (-14)/21 + (-136)/l prime?
False
Suppose -5*u - 136 = -u. Let o = -31 - u. Suppose -s - 2*b - 4595 = -6*s, -2*s = o*b - 1857. Is s a prime number?
False
Suppose 5*x = -3*i - 82505, -52*x + 53*x = i - 16501. Let u = -9602 - x. Is u prime?
True
Let b(l) = -2*l**3 + 25*l**2 + 11*l - 7. Let f be ((-8)/(-6))/(4/66). Let j be b(f). Let h = 13252 + j. Is h a prime number?
False
Let g = 486 + -472. Is (1821/12 - (g - 9))*4 a composite number?
False
Suppose 4*a + 0*p - 6 = 2*p, 0 = -5*a - p + 25. Suppose 2*r = a*i + 9852, 2*i - 4898 = -r - 3*i. Suppose 8*x - 10*x + r = 0. Is x prime?
True
Let d be 64/8*1/4. Suppose -4*k + 7003 = 3*u, -k = u + d*k - 2336. Is u composite?
False
Let c = -76640 + 161427. Is c a composite number?
False
Let a = 272 + -174. Let j = a - 90. Suppose j*b = -2*b + 6350. Is b a composite number?
True
Let x = -207 + 2449. Let k = 3785 - x. Is k prime?
True
Let r = 11 - 4. Suppose -7150 = -r*l + 9342. Is 2/(l/(-590) - -4) composite?
True
Suppose 7 = 4*f - 5, -5*f - 797 = -r. Let n = -90 + r. Let z = 1211 - n. Is z a composite number?
True
Let x(p) = -38*p**3 - 2*p**2 + p - 35. Let d(u) = u**2 + 15*u - 104. Let n be d(-20). Is x(n) composite?
True
Suppose -38*g - 11844 = -47*g. Suppose 0 = -5*x + 15, 5*a - 5*x = 6034 + g. Is a composite?
True
Let a = -124 + 85. Let s be a/(-52) + 35/(-4) - -3. Let m(t) = 71*t**2 + 7*t + 17. Is m(s) a composite number?
True
Let s(p) = -2*p**2 - 17*p + 23. Let z be s(-10). Let c be -4 - z - (-1 - 3/(-3)). Is ((-2877)/(-28))/(c/8) prime?
False
Suppose 3*n = -21*s + 22*s + 80704, 3*s = 2*n - 53791. Is n composite?
False
Suppose 172*q + 52*q = 56877856. Is q prime?
True
Let f = -14042 + 21551. Is f composite?
True
Suppose 3*w + 4*n = 230633, 153727 = 100*w - 98*w - 3*n. Is w prime?
True
Suppose -19*n + 2*n + 13838 = 0. Let h = -321 + n. Is h prime?
False
Let l(i) = -47*i + 14. Let f(d) = -48*d + 15. Suppose 3*w - 15 = c, w + 0*w + 4*c = 5. Let s(v) = w*f(v) - 4*l(v). Is s(-18) composite?
True
Let f(x) be the second derivative of -53*x**3 - x**2/2 + 16*x. Let u(l) = l - 1. Let h(y) = f(y) - 3*u(y). Is h(-1) prime?
False
Let w be (-12)/(-15) - 94016/(-5). Let x = -7903 + w. Is x prime?
False
Suppose -3*f - c - 2*c - 261 = 0, -5*f = -4*c + 408. Is (-48)/f + 20317/7 prime?
True
Let f be 99/36 - (5/(-4) + 2). Suppose -965 = -3*p - 3*a - a, f*p - 646 = -4*a. Suppose -833 + p = -y. Is y prime?
False
Let j = -29946 + 56125. Is j a composite number?
True
Suppose 4*q = 3*y + 84, -5*y = q - 2*q + 157. Let o = 35 + y. Suppose 0 = 2*u + 2*u + 3*l - 2861, l + 2162 = o*u. Is u composite?
False
Suppose c - 4172 = 5*c. Suppose -1266 = -20*a + 89*a + 18399. Let u = a - c. Is u a prime number?
False
Let j = 8932 - 4025. Let k = j + 8160. Is k a prime number?
False
Suppose -52410 = -k - 2*k + 3*q, 5*k - 87332 = -4*q. Suppose 0 = -5*g + d - 1960 + k, -g + 3089 = 4*d. Is g a composite number?
True
Let p(f) = 125*f - 38. Let q(m) = 63*m - 19. Let a(s) = 3*p(s) - 5*q(s). Let b(x) = 61*x - 18. Let j(o) = 3*a(o) - 2*b(o). Is j(8) a prime number?
True
Let q(u) = u**2 + 3*u - 9. Let l be q(4). Let y = l - 15. Suppose -y*c + 1757 = 3*c. Is c a composite number?
False
Let c(g) = 78*g**2 - 37*g - 715. Is c(-18) composite?
True
Suppose -21*d - 49645 = -22*d - 2*n, -4*d = n - 198594. Is d a composite number?
True
Suppose -6*f = -0*f - 48. Suppose 0 = f*v - 3400 - 4672. Is v prime?
True
Suppose -2*i + 2 = 0, -5 + 22 = s + 5*i. Is 10/(-40) + 11919/s a composite number?
True
Let q = 42 + -14. Suppose 38*t - q = 31*t. Suppose -3*x = -5*a - t*x + 3202, -5*x = 15. Is a a composite number?
False
Let m be (-3 + 9)*-1*-1. Is (-3)/m*5 + 33915/10 a composite number?
False
Suppose 2067 + 45608 = -25*w. Let u = w + 4846. Is u a prime number?
True
Let u = -46 - -53. Suppose u*b - 9*b = 3278. Is (b/(-11))/(2 + (1 - 2)) a prime number?
True
Suppose k = -3*z + 846962, -4*z + 0*k + 5*k = -1129327. Is z composite?
True
Suppose -5*x + 28 = 3*w - 0*x, -x + 7 = 2*w. Is -2 + -2 + 6250 + w composite?
False
Let j = -134 - -121. Is j/39 + (-77372)/(-6) + -2 a prime number?
True
Let f = -45855 + 66382. Suppose 3*y - d = -5*d + 20515, -3*y + 2*d + f = 0. Is y a composite number?
False
Suppose 4*q = 4*l + 28, 10*l - 7*l - 15 = -3*q. Suppose y = 4*p - 22463, p + 3*y - 5624 = q*y. Is p a prime number?
False
Let s(j) = 12934*j + 3847. Is s(34) a prime number?
True
Suppose -29 + 169 = 2*s. Let u = s - 76. Is 769/(-4)*(u + 2) a prime number?
True
Let t be (-81)/(-9) + 18/(-6). Suppose -t*b = -18*b + 26148. Is b composite?
False
Suppose -319309 = 18*b + 44885. Let t = b - -35364. Is t a composite number?
False
Suppose 175 = 5*d - 2*o, -5*o = -2*d - 2*d + 140. Suppose -5*c - d = 2*c. Is c - (-6 + 3) - (0 + -1339) composite?
True
Let d = 67516 - 34263. Is d a composite number?
True
Let p = -28676 - -43563. Suppose 8 = 4*h, 2*h - 17857 = -4*v + p. Is v prime?
False
Let x(o) = -432*o**3 + 9*o**2 + 2*o - 2. Let c be x(10). Is 82/410 - (c/5)/3 composite?
True
Let u(g) = 1. Let h(f) = f**2 - 6*f + 4. Let k(q) = h(q) - 4*u(q). Let d be k(6). Suppose 0 = -d*r - 3*r + t + 5191, 2*t = 5*r - 8651. Is r a prime number?
False
Let i = 56 + -51. Let z(b) = 2*b**3 + 3*b**3 + 7*b + 3*b**2 - b**3 - 9*b**2 - i. Is z(6) a composite number?
True
Let n be 2*1 + -4 + (2 - 0). Suppose 0 = -n*y - 5*y + 35. Let z(b) = -b**3 + 8*b**2 - 4*b + 2. Is z(y) a prime number?
True
Let y(c) be the first derivative of c**4/4 - 7*c**3/3 - 4*c**2 + 12*c - 3. Let b be y(10). Suppose -3*i - 4*f = -421 - b, 4*i - 839 = f. Is i prime?
True
Suppose -54151 + 9105 = -2*q. Is q a prime number?
False
Let v(k) = -143680*k - 1879. Is v(-3) a composite number?
False
Suppose 0 = 25*k - 23*k - 20. Is -9 + 13184/5